{"id":1497,"date":"2020-12-18T13:32:08","date_gmt":"2020-12-18T13:32:08","guid":{"rendered":"http:\/\/www.seimensch.eu\/?page_id=1497"},"modified":"2021-01-24T09:37:59","modified_gmt":"2021-01-24T09:37:59","slug":"unsere-einkaufsliste","status":"publish","type":"page","link":"https:\/\/www.seimensch.eu\/?page_id=1497","title":{"rendered":"Unsere Einkaufsliste"},"content":{"rendered":"<h2>#SEIMENSCH | Einkaufsliste<\/h2>\n<h2>Die #SEIMENSCH Einkaufsliste<br \/>\n<\/h2>\n<p>Woche f\u00fcr Woche k\u00e4mpfen wir darum, untenstehende Lebensmittel auf unseren Ausgabetischen anbieten zu k\u00f6nnen.<\/p>\n<p>Mit Deinen Lebensmittelspenden oder Einkaufsgutscheinen kannst Du helfen, dass wir den Kampf gewinnen. Einige Lebensmittel werden uns w\u00f6chentlich gesponsert und daf\u00fcr sind wir und unsere Besucher sehr dankbar.<\/p>\n<p>Du kennst Menschen, Familien, Unternehmen und andere Organisationen? Dann hilf uns, f\u00fcr unsere Lebensmittel regelm\u00e4\u00dfige Sponsoren zu finden. Gemeinsam sind wir stark!<\/p>\n<p>\t\t\t\t\t\t\t\t\t\t<img decoding=\"async\" width=\"800\" height=\"545\" src=\"http:\/\/www.seimensch.eu\/wp-content\/uploads\/2020\/06\/essenskorb-1024x697.jpg\" alt=\"\" loading=\"lazy\" srcset=\"https:\/\/www.seimensch.eu\/wp-content\/uploads\/2020\/06\/essenskorb-1024x697.jpg 1024w, https:\/\/www.seimensch.eu\/wp-content\/uploads\/2020\/06\/essenskorb-300x204.jpg 300w, https:\/\/www.seimensch.eu\/wp-content\/uploads\/2020\/06\/essenskorb-768x522.jpg 768w, https:\/\/www.seimensch.eu\/wp-content\/uploads\/2020\/06\/essenskorb-1536x1045.jpg 1536w, https:\/\/www.seimensch.eu\/wp-content\/uploads\/2020\/06\/essenskorb.jpg 1770w\" sizes=\"auto, (max-width: 800px) 100vw, 800px\" \/><br \/>\n\t\t\t<a href=\"http:\/\/www.seimensch.eu\/wp-content\/uploads\/2021\/01\/Einkaufsliste_SEIMENSCH.pdf\" role=\"button\"><br \/>\n\t\t\t\t\t\tEinkaufsliste als PDF herunterladen<br \/>\n\t\t\t\t\t<\/a><\/p>\n<p style=\"text-align: left;\">Frisches Obst und Gem\u00fcse<\/p>\n<p style=\"text-align: left;\">Nudeln<\/p>\n<p style=\"text-align: left;\">Brot, Br\u00f6tchen und Backwaren<\/p>\n<p style=\"text-align: left;\">Fertigspeisekonserven<\/p>\n<p style=\"text-align: left;\">Fischkonserven<\/p>\n<p style=\"text-align: left;\">Fleischkonserven<\/p>\n<p style=\"text-align: left;\">Gem\u00fcsekonserven<\/p>\n<p style=\"text-align: left;\">Fruchtkonserven<\/p>\n<p style=\"text-align: left;\">Reis<\/p>\n<p style=\"text-align: left;\">Kartoffeln<\/p>\n<p style=\"text-align: left;\">Kartoffelp\u00fcree<\/p>\n<p style=\"text-align: left;\">So\u00dfen und Pesto<\/p>\n<p style=\"text-align: left;\">Brotaufstriche aller Art<\/p>\n<p style=\"text-align: left;\">Wurst und K\u00e4se<\/p>\n<p style=\"text-align: left;\">Milch<\/p>\n<p style=\"text-align: left;\">Kaffee<\/p>\n<p style=\"text-align: left;\">Mehl, Zucker, Salz<\/p>\n<p style=\"text-align: left;\">\u00d6l<\/p>\n<p style=\"text-align: left;\">Haferflocken, M\u00fcsli etc.<\/p>\n<p style=\"text-align: left;\">Hartgekochte Eier<\/p>\n<p style=\"text-align: left;\">S\u00fc\u00dfes, Schoki und Knabberzeug<\/p>\n<p style=\"text-align: left;\">Hunde und Katzenfutter<\/p>\n<p style=\"text-align: left;\">Hygieneartikel f\u00fcr Kinder, Frauen und M\u00e4nner<\/p>\n<p style=\"text-align: left;\">(Sponsored by Rolf Koch GmbH undFreunde helfen e.V.)<\/p>\n<p style=\"text-align: left;\">(Sponsored by Edeka Familie Behrens)<\/p>\n<p style=\"text-align: left;\">(Sponsored by Fasanenbrot und B\u00e4ckerei und Konditorei Reinmuth)<\/p>\n<p style=\"text-align: left;\">(noch kein Sponsor)<\/p>\n<p style=\"text-align: left;\">(noch kein Sponsor)<\/p>\n<p style=\"text-align: left;\">(noch kein Sponsor)<\/p>\n<p style=\"text-align: left;\">(noch kein Sponsor)<\/p>\n<p style=\"text-align: left;\">(noch kein Sponsor)<\/p>\n<p style=\"text-align: left;\">(noch kein Sponsor)<\/p>\n<p style=\"text-align: left;\">(noch kein Sponsor)<\/p>\n<p style=\"text-align: left;\">(noch kein Sponsor)<\/p>\n<p style=\"text-align: left;\">(noch kein Sponsor)<\/p>\n<p style=\"text-align: left;\">(noch kein Sponsor)<\/p>\n<p style=\"text-align: left;\">(noch kein Sponsor)<\/p>\n<p style=\"text-align: left;\">(noch kein Sponsor)<\/p>\n<p style=\"text-align: left;\">(noch kein Sponsor)<\/p>\n<p style=\"text-align: left;\">(noch kein Sponsor)<\/p>\n<p style=\"text-align: left;\">(noch kein Sponsor)<\/p>\n<p style=\"text-align: left;\">(noch kein Sponsor)<\/p>\n<p style=\"text-align: left;\">(noch kein Sponsor)<\/p>\n<p style=\"text-align: left;\">(noch kein Sponsor)<\/p>\n<p style=\"text-align: left;\">(noch kein Sponsor)<\/p>\n<p style=\"text-align: left;\">(noch kein Sponsor)<\/p>\n<p style=\"text-align: left;\">\u00a0<\/p>\n<p style=\"text-align: left;\">\u00a0<\/p>\n<p>\t\t\t<a href=\"http:\/\/www.seimensch.eu\/wp-content\/uploads\/2021\/01\/Einkaufsliste_SEIMENSCH.pdf\" role=\"button\"><br \/>\n\t\t\t\t\t\tEinkaufsliste als PDF herunterladen<br \/>\n\t\t\t\t\t<\/a><\/p>\n<h2>Unterst\u00fctzung und Hilfe leisten trotz Alltag?!<\/h2>\n<p style=\"text-align: center;\">Wir zeigen Dir, wie Du trotz Corona und Alltag Deinen Beitrag leisten kannst. Jeder Apfel z\u00e4hlt!<\/p>\n<p><strong>Lebensmittel spenden<\/strong><\/p>\n<p>Du kannst uns jederzeit mit Lebensmitteln unterst\u00fctzen. Bring uns die Lebensmittel zu den Ausgaben oder kontaktiere uns, damit die Lebensmittel bzw. Spenden kontaktlos abgeholt werden k\u00f6nnen.<\/p>\n<p><strong>Team unterst\u00fctzen<\/strong><\/p>\n<p>Du m\u00f6chtest dich bei #SEIMENSCH einbringen? Wir ben\u00f6tigen immer Hilfe bei den Lebensmittelausgaben, Auf- und Abbau, Flyer verteilen, Transport von Lebensmitteln und Anderem, Backoffice T\u00e4tigkeiten und vielem mehr. Schreib uns doch einfach an.<\/p>\n<p><strong>#SEIMENSCH Unterst\u00fctzer werden<\/strong><\/p>\n<p>Du m\u00f6chtest einen gr\u00f6\u00dferen Beitrag leisten, wei\u00dft aber nicht wie?<\/p>\n<p>Werde ein offizieller Unterst\u00fctzer und erhalte dein Ansteck-Button!<\/p>\n<p>\t\t\t<a href=\"http:\/\/www.seimensch.eu\/?page_id=8\" role=\"button\"><br \/>\n\t\t\t\t\t\tKontakt aufnehmen<br \/>\n\t\t\t\t\t<\/a><\/p>\n","protected":false},"excerpt":{"rendered":"<p>#SEIMENSCH | Einkaufsliste Die #SEIMENSCH Einkaufsliste Woche f\u00fcr Woche k\u00e4mpfen wir darum, untenstehende Lebensmittel auf unseren Ausgabetischen anbieten zu k\u00f6nnen. Mit Deinen Lebensmittelspenden oder Einkaufsgutscheinen kannst Du helfen, dass wir den Kampf gewinnen. Einige Lebensmittel werden uns w\u00f6chentlich gesponsert und daf\u00fcr sind wir und unsere Besucher sehr dankbar. Du kennst Menschen, Familien, Unternehmen und andere [&hellip;]<\/p>\n","protected":false},"author":1,"featured_media":0,"parent":0,"menu_order":0,"comment_status":"closed","ping_status":"closed","template":"","meta":{"footnotes":""},"class_list":["post-1497","page","type-page","status-publish","hentry"],"_links":{"self":[{"href":"https:\/\/www.seimensch.eu\/index.php?rest_route=\/wp\/v2\/pages\/1497","targetHints":{"allow":["GET"]}}],"collection":[{"href":"https:\/\/www.seimensch.eu\/index.php?rest_route=\/wp\/v2\/pages"}],"about":[{"href":"https:\/\/www.seimensch.eu\/index.php?rest_route=\/wp\/v2\/types\/page"}],"author":[{"embeddable":true,"href":"https:\/\/www.seimensch.eu\/index.php?rest_route=\/wp\/v2\/users\/1"}],"replies":[{"embeddable":true,"href":"https:\/\/www.seimensch.eu\/index.php?rest_route=%2Fwp%2Fv2%2Fcomments&post=1497"}],"version-history":[{"count":71,"href":"https:\/\/www.seimensch.eu\/index.php?rest_route=\/wp\/v2\/pages\/1497\/revisions"}],"predecessor-version":[{"id":2121,"href":"https:\/\/www.seimensch.eu\/index.php?rest_route=\/wp\/v2\/pages\/1497\/revisions\/2121"}],"wp:attachment":[{"href":"https:\/\/www.seimensch.eu\/index.php?rest_route=%2Fwp%2Fv2%2Fmedia&parent=1497"}],"curies":[{"name":"wp","href":"https:\/\/api.w.org\/{rel}","templated":true}]}}